76.
10
Calculate the remainder when 237 is divided by 16.
13
Calculate the remainder when 163 is divided by 33.
31
What is the remainder when 76 is divided by 43?
33
What is the remainder when 129 is divided by 16?
1
What is the remainder when 3752 is divided by 37?
15
What is the remainder when 418 is divided by 20?
18
What is the remainder when 248 is divided by 97?
54
What is the remainder when 191 is divided by 60?
11
What is the remainder when 605 is divided by 122?
117
Calculate the remainder when 1259 is divided by 84.
83
Calculate the remainder when 154 is divided by 33.
22
What is the remainder when 293 is divided by 75?
68
Calculate the remainder when 1916 is divided by 9.
8
What is the remainder when 108 is divided by 65?
43
What is the remainder when 313 is divided by 79?
76
What is the remainder when 871 is divided by 215?
11
What is the remainder when 37 is divided by 14?
9
What is the remainder when 5792 is divided by 31?
26
Calculate the remainder when 2503 is divided by 12.
7
Calculate the remainder when 628 is divided by 15.
13
What is the remainder when 421 is divided by 49?
29
What is the remainder when 525 is divided by 257?
11
Calculate the remainder when 211 is divided by 66.
13
Calculate the remainder when 105 is divided by 4.
1
What is the remainder when 334 is divided by 31?
24
What is the remainder when 129 is divided by 54?
21
Calculate the remainder when 2265 is divided by 22.
21
Calculate the remainder when 1151 is divided by 427.
297
What is the remainder when 18 is divided by 14?
4
Calculate the remainder when 42 is divided by 23.
19
What is the remainder when 174 is divided by 17?
4
What is the remainder when 6254 is divided by 15?
14
What is the remainder when 875 is divided by 50?
25
Calculate the remainder when 3785 is divided by 1888.
9
What is the remainder when 491 is divided by 41?
40
What is the remainder when 353 is divided by 62?
43
Calculate the remainder when 135 is divided by 18.
9
Calculate the remainder when 442 is divided by 174.
94
Calculate the remainder when 236 is divided by 34.
32
Calculate the remainder when 670 is divided by 12.
10
Calculate the remainder when 375 is divided by 126.
123
Calculate the remainder when 122 is divided by 15.
2
Calculate the remainder when 3462 is divided by 33.
30
What is the remainder when 485 is divided by 98?
93
Calculate the remainder when 272 is divided by 48.
32
What is the remainder when 2915 is divided by 72?
35
What is the remainder when 181 is divided by 52?
25
What is the remainder when 248 is divided by 19?
1
Calculate the remainder when 767 is divided by 261.
245
Calculate the remainder when 173 is divided by 5.
3
Calculate the remainder when 906 is divided by 91.
87
Calculate the remainder when 86 is divided by 31.
24
Calculate the remainder when 207 is divided by 11.
9
Calculate the remainder when 1212 is divided by 26.
16
What is the remainder when 6717 is divided by 120?
117
What is the remainder when 930 is divided by 179?
35
What is the remainder when 36 is divided by 28?
8
What is the remainder when 284 is divided by 15?
14
What is the remainder when 1149 is divided by 12?
9
Calculate the remainder when 2722 is divided by 29.
25
Calculate the remainder when 238 is divided by 15.
13
What is the remainder when 42 is divided by 15?
12
What is the remainder when 1072 is divided by 43?
40
Calculate the remainder when 543 is divided by 90.
3
Calculate the remainder when 95 is divided by 36.
23
What is the remainder when 110 is divided by 49?
12
What is the remainder when 867 is divided by 62?
61
What is the remainder when 302 is divided by 17?
13
Calculate the remainder when 102 is divided by 27.
21
Calculate the remainder when 5316 is divided by 95.
91
What is the remainder when 643 is divided by 28?
27
Calculate the remainder when 5582 is divided by 254.
248
What is the remainder when 677 is divided by 34?
31
Calculate the remainder when 144 is divided by 27.
9
What is the remainder when 485 is divided by 61?
58
What is the remainder when 59 is divided by 13?
7
Calculate the remainder when 79 is divided by 77.
2
What is the remainder when 66 is divided by 31?
4
What is the remainder when 111 is divided by 57?
54
Calculate the remainder when 481 is divided by 139.
64
What is the remainder when 43 is divided by 6?
1
What is the remainder when 314 is divided by 16?
10
Calculate the remainder when 1750 is divided by 294.
280
Calculate the remainder when 148 is divided by 31.
24
Calculate the remainder when 1483 is divided by 81.
25
Calculate the remainder when 2502 is divided by 74.
60
What is the remainder when 5803 is divided by 43?
41
What is the remainder when 36 is divided by 14?
8
What is the remainder when 79 is divided by 5?
4
What is the remainder when 64 is divided by 13?
12
Calculate the remainder when 41 is divided by 7.
6
What is the remainder when 152 is divided by 34?
16
Calculate the remainder when 128 is divided by 13.
11
What is the remainder when 470 is divided by 30?
20
Calculate the remainder when 132 is divided by 63.
6
What is the remainder when 97 is divided by 25?
22
What is the remainder when 2109 is divided by 24?
21
What is the remainder when 153 is divided by 13?
10
What is the remainder when 16366 is divided by 124?
122
What is the remainder when 82 is divided by 3?
1
What is the remainder when 50 is divided by 7?
1
What is the remainder when 168 is divided by 44?
36
Calculate the remainder when 1556 is divided by 94.
52
Calculate the remainder when 286 is divided by 51.
31
What is the remainder when 1448 is divided by 707?
34
Calculate the remainder when 17 is divided by 11.
6
What is the remainder when 1869 is divided by 52?
49
What is the remainder when 9866 is divided by 35?
31
Calculate the remainder when 221 is divided by 109.
3
Calculate the remainder when 304 is divided by 14.
10
Calculate the remainder when 2338 is divided by 20.
18
Calculate the remainder when 421 is divided by 20.
1
Calculate the remainder when 11757 is divided by 80.
77
Calculate the remainder when 33 is divided by 8.
1
What is the remainder when 324 is divided by 64?
4
Calculate the remainder when 2716 is divided by 453.
451
Calculate the remainder when 1074 is divided by 19.
10
What is the remainder when 537 is divided by 12?
9
What is the remainder when 922 is divided by 13?
12
What is the remainder when 504 is divided by 124?
8
What is the remainder when 7592 is divided by 40?
32
Calculate the remainder when 17248 is divided by 13.
10
What is the remainder when 668 is divided by 64?
28
What is the remainder when 159 is divided by 41?
36
Calculate the remainder when 251 is divided by 17.
13
What is the remainder when 35 is divided by 9?
8
Calculate the remainder when 7389 is divided by 44.
41
Calculate the remainder when 71 is divided by 19.
14
What is the remainder when 155 is divided by 30?
5
What is the remainder when 196 is divided by 30?
16
What is the remainder when 6962 is divided by 142?
4
What is the remainder when 329 is divided by 18?
5
Calculate the remainder when 28125 is divided by 194.
189
What is the remainder when 2878 is divided by 1438?
2
What is the remainder when 167 is divided by 42?
41
What is the remainder when 2084 is divided by 87?
83
What is the remainder when 50 is divided by 4?
2
Calculate the remainder when 137 is divided by 16.
9
Calculate the remainder when 79 is divided by 16.
15
What is the remainder when 193 is divided by 65?
63
What is the remainder when 1652 is divided by 79?
72
What is the remainder when 183 is divided by 88?
7
What is the remainder when 560 is divided by 141?
137
What is the remainder when 313 is divided by 20?
13
Calculate the remainder when 562 is divided by 129.
46
Calculate the remainder when 256 is divided by 19.
9
What is the remainder when 13 is divided by 6?
1
Calculate the remainder when 2938 is divided by 295.
283
Calculate the remainder when 324 is divided by 161.
2
Calculate the remainder when 370 is divided by 95.
85
What is the remainder when 532 is divided by 110?
92
Calculate the remainder when 142 is divided by 15.
7
Calculate the remainder when 59 is divided by 39.
20
What is the remainder when 197 is divided by 5?
2
What is the remainder when 1227 is divided 